{"id":419,"date":"2020-09-26T06:21:45","date_gmt":"2020-09-26T06:21:45","guid":{"rendered":"http:\/\/veroaraujo.com\/?page_id=419"},"modified":"2020-10-16T20:11:57","modified_gmt":"2020-10-16T20:11:57","slug":"articulos","status":"publish","type":"page","link":"https:\/\/veroaraujo.com\/index.php\/articulos\/","title":{"rendered":"Art\u00edculos"},"content":{"rendered":"\t\t<div data-elementor-type=\"wp-page\" data-elementor-id=\"419\" class=\"elementor elementor-419\" data-elementor-settings=\"[]\">\n\t\t\t<div class=\"elementor-inner\">\n\t\t\t\t<div class=\"elementor-section-wrap\">\n\t\t\t\t\t\t\t<section class=\"elementor-element elementor-element-177ca639 elementor-section-full_width elementor-section-height-min-height elementor-section-items-stretch elementor-reverse-tablet elementor-section-height-default elementor-section elementor-top-section\" data-id=\"177ca639\" data-element_type=\"section\" data-settings=\"{&quot;background_background&quot;:&quot;classic&quot;}\">\n\t\t\t\t\t\t<div class=\"elementor-container elementor-column-gap-default\">\n\t\t\t\t<div class=\"elementor-row\">\n\t\t\t\t<div class=\"elementor-element elementor-element-116758bf elementor-column elementor-col-100 elementor-top-column\" data-id=\"116758bf\" data-element_type=\"column\" data-settings=\"{&quot;background_background&quot;:&quot;classic&quot;}\">\n\t\t\t<div class=\"elementor-column-wrap  elementor-element-populated\">\n\t\t\t\t\t<div class=\"elementor-widget-wrap\">\n\t\t\t\t<div class=\"elementor-element elementor-element-6ef75b95 elementor-widget elementor-widget-theme-post-title elementor-page-title elementor-widget-heading\" data-id=\"6ef75b95\" data-element_type=\"widget\" data-widget_type=\"theme-post-title.default\">\n\t\t\t\t<div class=\"elementor-widget-container\">\n\t\t\t<h1 class=\"elementor-heading-title elementor-size-default\">Art\u00edculos<\/h1>\t\t<\/div>\n\t\t\t\t<\/div>\n\t\t\t\t\t\t<\/div>\n\t\t\t<\/div>\n\t\t<\/div>\n\t\t\t\t\t\t<\/div>\n\t\t\t<\/div>\n\t\t<\/section>\n\t\t\t\t<section class=\"elementor-element elementor-element-76e90cc6 elementor-section-boxed elementor-section-height-default elementor-section-height-default elementor-section elementor-top-section\" data-id=\"76e90cc6\" data-element_type=\"section\">\n\t\t\t\t\t\t<div class=\"elementor-container elementor-column-gap-default\">\n\t\t\t\t<div class=\"elementor-row\">\n\t\t\t\t<div class=\"elementor-element elementor-element-2420a047 elementor-column elementor-col-100 elementor-top-column\" data-id=\"2420a047\" data-element_type=\"column\">\n\t\t\t<div class=\"elementor-column-wrap  elementor-element-populated\">\n\t\t\t\t\t<div class=\"elementor-widget-wrap\">\n\t\t\t\t<div class=\"elementor-element elementor-element-2a48a852 elementor-widget-divider--view-line_text elementor-widget-divider--element-align-right elementor-widget elementor-widget-divider\" data-id=\"2a48a852\" data-element_type=\"widget\" data-widget_type=\"divider.default\">\n\t\t\t\t<div class=\"elementor-widget-container\">\n\t\t\t\t\t<div class=\"elementor-divider\">\n\t\t\t<span class=\"elementor-divider-separator\">\n\t\t\t\t\t\t<\/span>\n\t\t<\/div>\n\t\t\t\t<\/div>\n\t\t\t\t<\/div>\n\t\t\t\t<div class=\"elementor-element elementor-element-ade1848 elementor-widget elementor-widget-heading\" data-id=\"ade1848\" data-element_type=\"widget\" data-widget_type=\"heading.default\">\n\t\t\t\t<div class=\"elementor-widget-container\">\n\t\t\t<h1 class=\"elementor-heading-title elementor-size-default\">\u00daltimos Art\u00edculos<\/h1>\t\t<\/div>\n\t\t\t\t<\/div>\n\t\t\t\t<div class=\"elementor-element elementor-element-7a31d9ec elementor-grid-5 elementor-grid-tablet-2 elementor-grid-mobile-1 elementor-posts--thumbnail-top elementor-widget elementor-widget-posts\" data-id=\"7a31d9ec\" data-element_type=\"widget\" data-settings=\"{&quot;classic_columns&quot;:&quot;5&quot;,&quot;classic_columns_tablet&quot;:&quot;2&quot;,&quot;classic_columns_mobile&quot;:&quot;1&quot;,&quot;classic_row_gap&quot;:{&quot;unit&quot;:&quot;px&quot;,&quot;size&quot;:35,&quot;sizes&quot;:[]}}\" data-widget_type=\"posts.classic\">\n\t\t\t\t<div class=\"elementor-widget-container\">\n\t\t\t\t\t<div class=\"elementor-posts-container elementor-posts elementor-posts--skin-classic elementor-grid\">\n\t\t\t\t<article class=\"elementor-post elementor-grid-item post-767 post type-post status-publish format-standard has-post-thumbnail hentry category-talento entry has-media\">\n\t\t\t\t<a class=\"elementor-post__thumbnail__link\" href=\"https:\/\/veroaraujo.com\/index.php\/2020\/10\/03\/no-esta-todo-dicho\/\" >\n\t\t\t<div class=\"elementor-post__thumbnail\"><img width=\"560\" height=\"420\" src=\"https:\/\/veroaraujo.com\/wp-content\/uploads\/2020\/10\/como-descubrir-talento-kEIC-U501421318712QaE-560x420@MujerHoy.jpg\" class=\"attachment-full size-full\" alt=\"\" loading=\"lazy\" srcset=\"https:\/\/veroaraujo.com\/wp-content\/uploads\/2020\/10\/como-descubrir-talento-kEIC-U501421318712QaE-560x420@MujerHoy.jpg 560w, https:\/\/veroaraujo.com\/wp-content\/uploads\/2020\/10\/como-descubrir-talento-kEIC-U501421318712QaE-560x420@MujerHoy-300x225.jpg 300w\" sizes=\"(max-width: 560px) 100vw, 560px\" \/><\/div>\n\t\t<\/a>\n\t\t\t\t<div class=\"elementor-post__text\">\n\t\t\t\t<h3 class=\"elementor-post__title\">\n\t\t\t<a href=\"https:\/\/veroaraujo.com\/index.php\/2020\/10\/03\/no-esta-todo-dicho\/\" >\n\t\t\t\tNo esta todo dicho\t\t\t<\/a>\n\t\t<\/h3>\n\t\t\t\t<div class=\"elementor-post__excerpt\">\n\t\t\t<p>\u00a0Introducci\u00f3n\u00a0\u00a0\u00a0\u00a0\u00a0\u00a0\u00a0\u00a0\u00a0\u00a0\u00a0\u00a0\u00a0\u00a0\u00a0\u00a0\u00a0\u00a0\u00a0\u00a0\u00a0\u00a0\u00a0\u00a0\u00a0\u00a0\u00a0\u00a0\u00a0\u00a0\u00a0\u00a0\u00a0\u00a0\u00a0\u00a0\u00a0\u00a0\u00a0\u00a0\u00a0\u00a0\u00a0\u00a0\u00a0\u00a0\u00a0\u00a0\u00a0\u00a0\u00a0\u00a0\u00a0\u00a0\u00a0\u00a0\u00a0\u00a0\u00a0\u00a0\u00a0\u00a0\u00a0\u00a0\u00a0\u00a0\u00a0\u00a0\u00a0\u00a0\u00a0\u00a0\u00a0\u00a0\u00a0\u00a0\u00a0\u00a0\u00a0\u00a0\u00a0\u00a0\u00a0\u00a0\u00a0\u00a0\u00a0\u00a0\u00a0\u00a0\u00a0\u00a0\u00a0\u00a0\u00a0\u00a0\u00a0\u00a0\u00a0\u00a0\u00a0\u00a0\u00a0\u00a0\u00a0\u00a0\u00a0\u00a0\u00a0\u00a0\u00a0\u00a0\u00a0\u00a0\u00a0\u00a0\u00a0\u00a0\u00a0\u00a0\u00a0\u00a0\u00a0\u00a0\u00a0\u00a0\u00a0\u00a0\u00a0\u00a0\u00a0\u00a0\u00a0\u00a0\u00a0\u00a0 \u00a0 El objetivo del art\u00edculo es compartir con la<\/p>\n\t\t<\/div>\n\t\t\t\t\t<a class=\"elementor-post__read-more\" href=\"https:\/\/veroaraujo.com\/index.php\/2020\/10\/03\/no-esta-todo-dicho\/\" >\n\t\t\t\tVer mas \u00bb\t\t\t<\/a>\n\t\t\t\t<\/div>\n\t\t\t\t<\/article>\n\t\t\t\t<article class=\"elementor-post elementor-grid-item post-757 post type-post status-publish format-standard has-post-thumbnail hentry category-cambio entry has-media\">\n\t\t\t\t<a class=\"elementor-post__thumbnail__link\" href=\"https:\/\/veroaraujo.com\/index.php\/2020\/10\/03\/volver-a-pensar-nuestra-practica\/\" >\n\t\t\t<div class=\"elementor-post__thumbnail\"><img width=\"1440\" height=\"810\" src=\"https:\/\/veroaraujo.com\/wp-content\/uploads\/2020\/10\/TAI_Let_It_Go_tile.original_1509560293.regular_3x_1559229449.jpg\" class=\"attachment-full size-full\" alt=\"\" loading=\"lazy\" srcset=\"https:\/\/veroaraujo.com\/wp-content\/uploads\/2020\/10\/TAI_Let_It_Go_tile.original_1509560293.regular_3x_1559229449.jpg 1440w, https:\/\/veroaraujo.com\/wp-content\/uploads\/2020\/10\/TAI_Let_It_Go_tile.original_1509560293.regular_3x_1559229449-300x169.jpg 300w, https:\/\/veroaraujo.com\/wp-content\/uploads\/2020\/10\/TAI_Let_It_Go_tile.original_1509560293.regular_3x_1559229449-1024x576.jpg 1024w, https:\/\/veroaraujo.com\/wp-content\/uploads\/2020\/10\/TAI_Let_It_Go_tile.original_1509560293.regular_3x_1559229449-768x432.jpg 768w\" sizes=\"(max-width: 1440px) 100vw, 1440px\" \/><\/div>\n\t\t<\/a>\n\t\t\t\t<div class=\"elementor-post__text\">\n\t\t\t\t<h3 class=\"elementor-post__title\">\n\t\t\t<a href=\"https:\/\/veroaraujo.com\/index.php\/2020\/10\/03\/volver-a-pensar-nuestra-practica\/\" >\n\t\t\t\tVolver a pensar nuestra pr\u00e1ctica\t\t\t<\/a>\n\t\t<\/h3>\n\t\t\t\t<div class=\"elementor-post__excerpt\">\n\t\t\t<p>INTRODUCCI\u00d3N El siguiente art\u00edculo tiene como prop\u00f3sito reflexionar, para hacer:<\/p>\n\t\t<\/div>\n\t\t\t\t\t<a class=\"elementor-post__read-more\" href=\"https:\/\/veroaraujo.com\/index.php\/2020\/10\/03\/volver-a-pensar-nuestra-practica\/\" >\n\t\t\t\tVer mas \u00bb\t\t\t<\/a>\n\t\t\t\t<\/div>\n\t\t\t\t<\/article>\n\t\t\t\t<article class=\"elementor-post elementor-grid-item post-640 post type-post status-publish format-standard has-post-thumbnail hentry category-talento entry has-media\">\n\t\t\t\t<a class=\"elementor-post__thumbnail__link\" href=\"https:\/\/veroaraujo.com\/index.php\/2020\/10\/02\/gestion-de-talento-y-running\/\" >\n\t\t\t<div class=\"elementor-post__thumbnail\"><img width=\"720\" height=\"720\" src=\"https:\/\/veroaraujo.com\/wp-content\/uploads\/2020\/09\/ythh.png\" class=\"attachment-full size-full\" alt=\"\" loading=\"lazy\" srcset=\"https:\/\/veroaraujo.com\/wp-content\/uploads\/2020\/09\/ythh.png 720w, https:\/\/veroaraujo.com\/wp-content\/uploads\/2020\/09\/ythh-300x300.png 300w, https:\/\/veroaraujo.com\/wp-content\/uploads\/2020\/09\/ythh-150x150.png 150w\" sizes=\"(max-width: 720px) 100vw, 720px\" \/><\/div>\n\t\t<\/a>\n\t\t\t\t<div class=\"elementor-post__text\">\n\t\t\t\t<h3 class=\"elementor-post__title\">\n\t\t\t<a href=\"https:\/\/veroaraujo.com\/index.php\/2020\/10\/02\/gestion-de-talento-y-running\/\" >\n\t\t\t\tGESTI\u00d3N DE TALENTO Y RUNNING\t\t\t<\/a>\n\t\t<\/h3>\n\t\t\t\t<div class=\"elementor-post__excerpt\">\n\t\t\t<p>INTRODUCCI\u00d3N Para comenzar debo decirte que \u201cno soy runner\u201d y<\/p>\n\t\t<\/div>\n\t\t\t\t\t<a class=\"elementor-post__read-more\" href=\"https:\/\/veroaraujo.com\/index.php\/2020\/10\/02\/gestion-de-talento-y-running\/\" >\n\t\t\t\tVer mas \u00bb\t\t\t<\/a>\n\t\t\t\t<\/div>\n\t\t\t\t<\/article>\n\t\t\t\t<article class=\"elementor-post elementor-grid-item post-555 post type-post status-publish format-standard has-post-thumbnail hentry category-desempeno entry has-media\">\n\t\t\t\t<a class=\"elementor-post__thumbnail__link\" href=\"https:\/\/veroaraujo.com\/index.php\/2020\/09\/28\/deja-que-socrates-entre-a-tus-feedbacks\/\" >\n\t\t\t<div class=\"elementor-post__thumbnail\"><img width=\"1077\" height=\"453\" src=\"https:\/\/veroaraujo.com\/wp-content\/uploads\/2020\/09\/1f13d55355620d4bab0b52b0ec2b8bf3.png\" class=\"attachment-full size-full\" alt=\"\" loading=\"lazy\" srcset=\"https:\/\/veroaraujo.com\/wp-content\/uploads\/2020\/09\/1f13d55355620d4bab0b52b0ec2b8bf3.png 1077w, https:\/\/veroaraujo.com\/wp-content\/uploads\/2020\/09\/1f13d55355620d4bab0b52b0ec2b8bf3-300x126.png 300w, https:\/\/veroaraujo.com\/wp-content\/uploads\/2020\/09\/1f13d55355620d4bab0b52b0ec2b8bf3-1024x431.png 1024w, https:\/\/veroaraujo.com\/wp-content\/uploads\/2020\/09\/1f13d55355620d4bab0b52b0ec2b8bf3-768x323.png 768w\" sizes=\"(max-width: 1077px) 100vw, 1077px\" \/><\/div>\n\t\t<\/a>\n\t\t\t\t<div class=\"elementor-post__text\">\n\t\t\t\t<h3 class=\"elementor-post__title\">\n\t\t\t<a href=\"https:\/\/veroaraujo.com\/index.php\/2020\/09\/28\/deja-que-socrates-entre-a-tus-feedbacks\/\" >\n\t\t\t\tDeja que S\u00f3crates entre a tus Feedbacks\t\t\t<\/a>\n\t\t<\/h3>\n\t\t\t\t<div class=\"elementor-post__excerpt\">\n\t\t\t<p>INTRODUCCI\u00d3N Cuando pensamos en herramientas de trabajo naturalmente tendemos a<\/p>\n\t\t<\/div>\n\t\t\t\t\t<a class=\"elementor-post__read-more\" href=\"https:\/\/veroaraujo.com\/index.php\/2020\/09\/28\/deja-que-socrates-entre-a-tus-feedbacks\/\" >\n\t\t\t\tVer mas \u00bb\t\t\t<\/a>\n\t\t\t\t<\/div>\n\t\t\t\t<\/article>\n\t\t\t\t<article class=\"elementor-post elementor-grid-item post-552 post type-post status-publish format-standard has-post-thumbnail hentry category-cambio entry has-media\">\n\t\t\t\t<a class=\"elementor-post__thumbnail__link\" href=\"https:\/\/veroaraujo.com\/index.php\/2020\/09\/28\/tomar-el-control-de-nuestra-vida-primero-facilitar-a-otros-en-procesos-de-cambio-despues\/\" >\n\t\t\t<div class=\"elementor-post__thumbnail\"><img width=\"350\" height=\"432\" src=\"https:\/\/veroaraujo.com\/wp-content\/uploads\/2020\/09\/ytyuu.png\" class=\"attachment-full size-full\" alt=\"\" loading=\"lazy\" srcset=\"https:\/\/veroaraujo.com\/wp-content\/uploads\/2020\/09\/ytyuu.png 350w, https:\/\/veroaraujo.com\/wp-content\/uploads\/2020\/09\/ytyuu-243x300.png 243w\" sizes=\"(max-width: 350px) 100vw, 350px\" \/><\/div>\n\t\t<\/a>\n\t\t\t\t<div class=\"elementor-post__text\">\n\t\t\t\t<h3 class=\"elementor-post__title\">\n\t\t\t<a href=\"https:\/\/veroaraujo.com\/index.php\/2020\/09\/28\/tomar-el-control-de-nuestra-vida-primero-facilitar-a-otros-en-procesos-de-cambio-despues\/\" >\n\t\t\t\tTomar el control de nuestra vida, primero. Facilitar a otros en procesos de cambio, despu\u00e9s.\t\t\t<\/a>\n\t\t<\/h3>\n\t\t\t\t<div class=\"elementor-post__excerpt\">\n\t\t\t<p>Hace dos semana te compart\u00eda la PARTE I de un<\/p>\n\t\t<\/div>\n\t\t\t\t\t<a class=\"elementor-post__read-more\" href=\"https:\/\/veroaraujo.com\/index.php\/2020\/09\/28\/tomar-el-control-de-nuestra-vida-primero-facilitar-a-otros-en-procesos-de-cambio-despues\/\" >\n\t\t\t\tVer mas \u00bb\t\t\t<\/a>\n\t\t\t\t<\/div>\n\t\t\t\t<\/article>\n\t\t\t\t<article class=\"elementor-post elementor-grid-item post-548 post type-post status-publish format-standard has-post-thumbnail hentry category-cambio entry has-media\">\n\t\t\t\t<a class=\"elementor-post__thumbnail__link\" href=\"https:\/\/veroaraujo.com\/index.php\/2020\/09\/28\/aprender-a-convivir-con-el-virus-para-salir-del-encierro\/\" >\n\t\t\t<div class=\"elementor-post__thumbnail\"><img width=\"1081\" height=\"720\" src=\"https:\/\/veroaraujo.com\/wp-content\/uploads\/2020\/09\/rr.jpg\" class=\"attachment-full size-full\" alt=\"\" loading=\"lazy\" srcset=\"https:\/\/veroaraujo.com\/wp-content\/uploads\/2020\/09\/rr.jpg 1081w, https:\/\/veroaraujo.com\/wp-content\/uploads\/2020\/09\/rr-300x200.jpg 300w, https:\/\/veroaraujo.com\/wp-content\/uploads\/2020\/09\/rr-1024x682.jpg 1024w, https:\/\/veroaraujo.com\/wp-content\/uploads\/2020\/09\/rr-768x512.jpg 768w\" sizes=\"(max-width: 1081px) 100vw, 1081px\" \/><\/div>\n\t\t<\/a>\n\t\t\t\t<div class=\"elementor-post__text\">\n\t\t\t\t<h3 class=\"elementor-post__title\">\n\t\t\t<a href=\"https:\/\/veroaraujo.com\/index.php\/2020\/09\/28\/aprender-a-convivir-con-el-virus-para-salir-del-encierro\/\" >\n\t\t\t\tAPRENDER A CONVIVIR con el VIRUS para SALIR del ENCIERRO\t\t\t<\/a>\n\t\t<\/h3>\n\t\t\t\t<div class=\"elementor-post__excerpt\">\n\t\t\t<p>INTRODUCCI\u00d3N Desde que se desencaden\u00f3 la\u00a0pandemia global\u00a0fuimos transitando diferentes tem\u00e1ticas<\/p>\n\t\t<\/div>\n\t\t\t\t\t<a class=\"elementor-post__read-more\" href=\"https:\/\/veroaraujo.com\/index.php\/2020\/09\/28\/aprender-a-convivir-con-el-virus-para-salir-del-encierro\/\" >\n\t\t\t\tVer mas \u00bb\t\t\t<\/a>\n\t\t\t\t<\/div>\n\t\t\t\t<\/article>\n\t\t\t\t<article class=\"elementor-post elementor-grid-item post-545 post type-post status-publish format-standard has-post-thumbnail hentry category-cambio entry has-media\">\n\t\t\t\t<a class=\"elementor-post__thumbnail__link\" href=\"https:\/\/veroaraujo.com\/index.php\/2020\/09\/28\/home-office-avance-o-retroceso-en-temas-de-genero\/\" >\n\t\t\t<div class=\"elementor-post__thumbnail\"><img width=\"1200\" height=\"600\" src=\"https:\/\/veroaraujo.com\/wp-content\/uploads\/2020\/09\/eeeeeeq.jpg\" class=\"attachment-full size-full\" alt=\"\" loading=\"lazy\" srcset=\"https:\/\/veroaraujo.com\/wp-content\/uploads\/2020\/09\/eeeeeeq.jpg 1200w, https:\/\/veroaraujo.com\/wp-content\/uploads\/2020\/09\/eeeeeeq-300x150.jpg 300w, https:\/\/veroaraujo.com\/wp-content\/uploads\/2020\/09\/eeeeeeq-1024x512.jpg 1024w, https:\/\/veroaraujo.com\/wp-content\/uploads\/2020\/09\/eeeeeeq-768x384.jpg 768w\" sizes=\"(max-width: 1200px) 100vw, 1200px\" \/><\/div>\n\t\t<\/a>\n\t\t\t\t<div class=\"elementor-post__text\">\n\t\t\t\t<h3 class=\"elementor-post__title\">\n\t\t\t<a href=\"https:\/\/veroaraujo.com\/index.php\/2020\/09\/28\/home-office-avance-o-retroceso-en-temas-de-genero\/\" >\n\t\t\t\tHome Office: avance o retroceso en temas de g\u00e9nero\t\t\t<\/a>\n\t\t<\/h3>\n\t\t\t\t<div class=\"elementor-post__excerpt\">\n\t\t\t<p>Suena cada d\u00eda con mayor fuerza la idea de\u00a0mantener el<\/p>\n\t\t<\/div>\n\t\t\t\t\t<a class=\"elementor-post__read-more\" href=\"https:\/\/veroaraujo.com\/index.php\/2020\/09\/28\/home-office-avance-o-retroceso-en-temas-de-genero\/\" >\n\t\t\t\tVer mas \u00bb\t\t\t<\/a>\n\t\t\t\t<\/div>\n\t\t\t\t<\/article>\n\t\t\t\t<article class=\"elementor-post elementor-grid-item post-542 post type-post status-publish format-standard has-post-thumbnail hentry category-liderazgo entry has-media\">\n\t\t\t\t<a class=\"elementor-post__thumbnail__link\" href=\"https:\/\/veroaraujo.com\/index.php\/2020\/09\/28\/ruleta-rusa-de-emociones\/\" >\n\t\t\t<div class=\"elementor-post__thumbnail\"><img width=\"1920\" height=\"1080\" src=\"https:\/\/veroaraujo.com\/wp-content\/uploads\/2020\/09\/el-sumario-10-remedios-baratos-para-cuidar-tu-corazon.jpg\" class=\"attachment-full size-full\" alt=\"\" loading=\"lazy\" srcset=\"https:\/\/veroaraujo.com\/wp-content\/uploads\/2020\/09\/el-sumario-10-remedios-baratos-para-cuidar-tu-corazon.jpg 1920w, https:\/\/veroaraujo.com\/wp-content\/uploads\/2020\/09\/el-sumario-10-remedios-baratos-para-cuidar-tu-corazon-300x169.jpg 300w, https:\/\/veroaraujo.com\/wp-content\/uploads\/2020\/09\/el-sumario-10-remedios-baratos-para-cuidar-tu-corazon-1024x576.jpg 1024w, https:\/\/veroaraujo.com\/wp-content\/uploads\/2020\/09\/el-sumario-10-remedios-baratos-para-cuidar-tu-corazon-768x432.jpg 768w, https:\/\/veroaraujo.com\/wp-content\/uploads\/2020\/09\/el-sumario-10-remedios-baratos-para-cuidar-tu-corazon-1536x864.jpg 1536w\" sizes=\"(max-width: 1920px) 100vw, 1920px\" \/><\/div>\n\t\t<\/a>\n\t\t\t\t<div class=\"elementor-post__text\">\n\t\t\t\t<h3 class=\"elementor-post__title\">\n\t\t\t<a href=\"https:\/\/veroaraujo.com\/index.php\/2020\/09\/28\/ruleta-rusa-de-emociones\/\" >\n\t\t\t\tRULETA RUSA DE EMOCIONES\t\t\t<\/a>\n\t\t<\/h3>\n\t\t\t\t<div class=\"elementor-post__excerpt\">\n\t\t\t<p>Vivimos una \u00e9poca sin br\u00fajula, cuando\u00a0la\u00a0improvisaci\u00f3n\u00a0puede ser de vital importancia.<\/p>\n\t\t<\/div>\n\t\t\t\t\t<a class=\"elementor-post__read-more\" href=\"https:\/\/veroaraujo.com\/index.php\/2020\/09\/28\/ruleta-rusa-de-emociones\/\" >\n\t\t\t\tVer mas \u00bb\t\t\t<\/a>\n\t\t\t\t<\/div>\n\t\t\t\t<\/article>\n\t\t\t\t<article class=\"elementor-post elementor-grid-item post-538 post type-post status-publish format-standard has-post-thumbnail hentry category-liderazgo entry has-media\">\n\t\t\t\t<a class=\"elementor-post__thumbnail__link\" href=\"https:\/\/veroaraujo.com\/index.php\/2020\/09\/28\/como-cuidamos-de-la-salud-mental-de-nuestros-lideres\/\" >\n\t\t\t<div class=\"elementor-post__thumbnail\"><img width=\"1075\" height=\"720\" src=\"https:\/\/veroaraujo.com\/wp-content\/uploads\/2020\/09\/asd.jpg\" class=\"attachment-full size-full\" alt=\"\" loading=\"lazy\" srcset=\"https:\/\/veroaraujo.com\/wp-content\/uploads\/2020\/09\/asd.jpg 1075w, https:\/\/veroaraujo.com\/wp-content\/uploads\/2020\/09\/asd-300x201.jpg 300w, https:\/\/veroaraujo.com\/wp-content\/uploads\/2020\/09\/asd-1024x686.jpg 1024w, https:\/\/veroaraujo.com\/wp-content\/uploads\/2020\/09\/asd-768x514.jpg 768w\" sizes=\"(max-width: 1075px) 100vw, 1075px\" \/><\/div>\n\t\t<\/a>\n\t\t\t\t<div class=\"elementor-post__text\">\n\t\t\t\t<h3 class=\"elementor-post__title\">\n\t\t\t<a href=\"https:\/\/veroaraujo.com\/index.php\/2020\/09\/28\/como-cuidamos-de-la-salud-mental-de-nuestros-lideres\/\" >\n\t\t\t\tC\u00d3MO CUIDAMOS DE LA SALUD MENTAL DE NUESTROS L\u00cdDERES\t\t\t<\/a>\n\t\t<\/h3>\n\t\t\t\t<div class=\"elementor-post__excerpt\">\n\t\t\t<p>Un tema que se instala en contextos de pandemia y<\/p>\n\t\t<\/div>\n\t\t\t\t\t<a class=\"elementor-post__read-more\" href=\"https:\/\/veroaraujo.com\/index.php\/2020\/09\/28\/como-cuidamos-de-la-salud-mental-de-nuestros-lideres\/\" >\n\t\t\t\tVer mas \u00bb\t\t\t<\/a>\n\t\t\t\t<\/div>\n\t\t\t\t<\/article>\n\t\t\t\t<article class=\"elementor-post elementor-grid-item post-536 post type-post status-publish format-standard has-post-thumbnail hentry category-liderazgo entry has-media\">\n\t\t\t\t<a class=\"elementor-post__thumbnail__link\" href=\"https:\/\/veroaraujo.com\/index.php\/2020\/09\/28\/lideres-a-gestionar-resistencias-por-que-resistirse\/\" >\n\t\t\t<div class=\"elementor-post__thumbnail\"><img width=\"988\" height=\"434\" src=\"https:\/\/veroaraujo.com\/wp-content\/uploads\/2020\/09\/0.png\" class=\"attachment-full size-full\" alt=\"\" loading=\"lazy\" srcset=\"https:\/\/veroaraujo.com\/wp-content\/uploads\/2020\/09\/0.png 988w, https:\/\/veroaraujo.com\/wp-content\/uploads\/2020\/09\/0-300x132.png 300w, https:\/\/veroaraujo.com\/wp-content\/uploads\/2020\/09\/0-768x337.png 768w\" sizes=\"(max-width: 988px) 100vw, 988px\" \/><\/div>\n\t\t<\/a>\n\t\t\t\t<div class=\"elementor-post__text\">\n\t\t\t\t<h3 class=\"elementor-post__title\">\n\t\t\t<a href=\"https:\/\/veroaraujo.com\/index.php\/2020\/09\/28\/lideres-a-gestionar-resistencias-por-que-resistirse\/\" >\n\t\t\t\tL\u00edderes a gestionar resistencias \u00bfpor qu\u00e9 resistirse?\t\t\t<\/a>\n\t\t<\/h3>\n\t\t\t\t<div class=\"elementor-post__excerpt\">\n\t\t\t<p>Introducci\u00f3n\u00a0 De mis 48 a\u00f1os de edad, llevo estudiando el\u00a0comportamiento<\/p>\n\t\t<\/div>\n\t\t\t\t\t<a class=\"elementor-post__read-more\" href=\"https:\/\/veroaraujo.com\/index.php\/2020\/09\/28\/lideres-a-gestionar-resistencias-por-que-resistirse\/\" >\n\t\t\t\tVer mas \u00bb\t\t\t<\/a>\n\t\t\t\t<\/div>\n\t\t\t\t<\/article>\n\t\t\t\t<\/div>\n\t\t\t\t<\/div>\n\t\t\t\t<\/div>\n\t\t\t\t\t\t<\/div>\n\t\t\t<\/div>\n\t\t<\/div>\n\t\t\t\t\t\t<\/div>\n\t\t\t<\/div>\n\t\t<\/section>\n\t\t\t\t<section class=\"elementor-element elementor-element-cc610b0 elementor-section-boxed elementor-section-height-default elementor-section-height-default elementor-section elementor-top-section\" data-id=\"cc610b0\" data-element_type=\"section\">\n\t\t\t\t\t\t<div class=\"elementor-container elementor-column-gap-default\">\n\t\t\t\t<div class=\"elementor-row\">\n\t\t\t\t<div class=\"elementor-element elementor-element-53e28f6 elementor-column elementor-col-100 elementor-top-column\" data-id=\"53e28f6\" data-element_type=\"column\">\n\t\t\t<div class=\"elementor-column-wrap  elementor-element-populated\">\n\t\t\t\t\t<div class=\"elementor-widget-wrap\">\n\t\t\t\t<div class=\"elementor-element elementor-element-9ed68c0 elementor-align-center elementor-widget elementor-widget-button\" data-id=\"9ed68c0\" data-element_type=\"widget\" data-widget_type=\"button.default\">\n\t\t\t\t<div class=\"elementor-widget-container\">\n\t\t\t\t\t<div class=\"elementor-button-wrapper\">\n\t\t\t<a href=\"https:\/\/veroaraujo.com\/index.php\/listadearticulos\/\" class=\"elementor-button-link elementor-button elementor-size-md\" role=\"button\">\n\t\t\t\t\t\t<span class=\"elementor-button-content-wrapper\">\n\t\t\t\t\t\t<span class=\"elementor-button-text\">Todos Mis Art\u00edculos Aqui<\/span>\n\t\t<\/span>\n\t\t\t\t\t<\/a>\n\t\t<\/div>\n\t\t\t\t<\/div>\n\t\t\t\t<\/div>\n\t\t\t\t\t\t<\/div>\n\t\t\t<\/div>\n\t\t<\/div>\n\t\t\t\t\t\t<\/div>\n\t\t\t<\/div>\n\t\t<\/section>\n\t\t\t\t\t\t<\/div>\n\t\t\t<\/div>\n\t\t<\/div>\n\t\t","protected":false},"excerpt":{"rendered":"<p>\u00daltimos Art\u00edculos Todos Mis Art\u00edculos Aqui<\/p>\n","protected":false},"author":1,"featured_media":0,"parent":0,"menu_order":0,"comment_status":"closed","ping_status":"closed","template":"","meta":[],"_links":{"self":[{"href":"https:\/\/veroaraujo.com\/index.php\/wp-json\/wp\/v2\/pages\/419"}],"collection":[{"href":"https:\/\/veroaraujo.com\/index.php\/wp-json\/wp\/v2\/pages"}],"about":[{"href":"https:\/\/veroaraujo.com\/index.php\/wp-json\/wp\/v2\/types\/page"}],"author":[{"embeddable":true,"href":"https:\/\/veroaraujo.com\/index.php\/wp-json\/wp\/v2\/users\/1"}],"replies":[{"embeddable":true,"href":"https:\/\/veroaraujo.com\/index.php\/wp-json\/wp\/v2\/comments?post=419"}],"version-history":[{"count":36,"href":"https:\/\/veroaraujo.com\/index.php\/wp-json\/wp\/v2\/pages\/419\/revisions"}],"predecessor-version":[{"id":817,"href":"https:\/\/veroaraujo.com\/index.php\/wp-json\/wp\/v2\/pages\/419\/revisions\/817"}],"wp:attachment":[{"href":"https:\/\/veroaraujo.com\/index.php\/wp-json\/wp\/v2\/media?parent=419"}],"curies":[{"name":"wp","href":"https:\/\/api.w.org\/{rel}","templated":true}]}}